f x*-17*1*(45 - 46)?
17, 43
Let a = -268 + 278. Suppose 6*s = -a*s + 6496. What are the prime factors of s?
2, 7, 29
Let l(g) be the third derivative of -g**6/120 - g**5/10 - 7*g**4/24 - 3*g**3 - g**2 - 15*g. List the prime factors of l(-12).
2, 3, 5, 31
Let o = -373 + 373. Suppose 0 = -o*s - 16*s + 9744. List the prime factors of s.
3, 7, 29
Suppose 58*l = 70*l - 83484. List the prime factors of l.
3, 773
Let n(l) = -l**3 - 3*l**2 + 6*l - 22. Let a be n(-9). Let j = a + -26. Let x = -269 + j. List the prime factors of x.
5, 23
Let z = 16446 - 4109. What are the prime factors of z?
13, 73
Let x(a) = -15488*a + 97. What are the prime factors of x(-4)?
3, 13, 37, 43
Let p(o) = o**2 + 3*o - 4. Let f be p(-4). Suppose f = -k + 1 + 2. List the prime factors of (-10)/(-6) - (-130)/k.
3, 5
Let s be (8/12)/((-1)/(-51)). Let y = 30 - s. What are the prime factors of 3*y/3*-22?
2, 11
Let y(d) = -d**3 - 13*d**2 + 136*d + 45. What are the prime factors of y(-30)?
3, 5, 751
Let n = 2046 - -11984. List the prime factors of n.
2, 5, 23, 61
Let i(z) = -2*z + 48. Let o be i(14). Suppose 0 = -4*g - 4*n + 636, 2*g + 5*n - o - 310 = 0. List the prime factors of g.
5, 31
Suppose -c = 3*x - 8*x + 124, 24 = x - c. Suppose -2*v - 3*v = -x, -4*v = -a + 290. What are the prime factors of a?
2, 5, 31
Let x(h) = 2*h**2 - 26*h. Let q be x(13). Let d(a) = -a + 4. Let k be d(q). Suppose -5*u - k*j = -399, 5*u - 95 = -3*j + 308. What are the prime factors of u?
83
Let x be -3*(-4 - 370/15). Suppose -v + x = -101. Suppose 2*n - v = 161. What are the prime factors of n?
2, 3, 29
Suppose 5*k + 2*y = 2411, 0 = k - 3*y - 70 - 385. What are the prime factors of k?
479
Let z = 644 + -633. Let h = z + 531. List the prime factors of h.
2, 271
Suppose 3*s = r + s - 5, -r - 2*s = -1. Suppose -476 - 1402 = -5*q - r*g, 1128 = 3*q + 3*g. List the prime factors of q.
3, 5
Let a be 710/3 + (10/(-6) - -2). Let r = a + 441. What are the prime factors of r?
2, 3, 113
Let j(d) = 2*d**3 + 69*d**2 + 20*d + 143. What are the prime factors of j(-28)?
5, 17, 23
Let g = 6312 + -1798. What are the prime factors of g?
2, 37, 61
Let w(i) = 3*i**3 + 62*i**2 - 42*i - 192. List the prime factors of w(-15).
3, 7, 29
Suppose -5*f + 93 = 4*m, -m + f - 3*f + 27 = 0. Suppose 14359 = m*d - 1570. List the prime factors of d.
937
Let p(h) = 19*h - 94. Let q be p(8). Let c = 81 + q. What are the prime factors of c?
139
Let a be 2/6 - (-120)/45. Suppose -10*c + 6188 = a*c. List the prime factors of c.
2, 7, 17
Let u = -10677 - -20335. What are the prime factors of u?
2, 11, 439
Suppose 4*o - 2*n - 15 = 11, -o + 5*n = 7. Suppose 507 + 861 = o*l. List the prime factors of l.
3, 19
Suppose 8*x - 5*x + 8 = 4*m, -6 = -3*m - 4*x. Suppose r - 2*g - g - 387 = 0, -m*g + 1952 = 5*r. List the prime factors of r.
2, 3, 5, 13
What are the prime factors of 46896/(-84)*(-7 - 0/(-4))?
2, 977
Let s be ((-21)/15 - 6) + 3/(-5). List the prime factors of s - (-10062)/24 - (-2)/(-8).
3, 137
Suppose -s - 21338 - 6387 = -5*k, 0 = -4*k - s + 22180. What are the prime factors of k?
5, 1109
Suppose -p + c + 41 - 16 = 0, 0 = -2*p - 2*c + 66. Let x(k) = -k**2 - 2 + 2*k + 47*k**3 + 2*k**3 + 14*k**3 + p*k**3. What are the prime factors of x(1)?
7, 13
Suppose -49*g + 89 = 1118. Suppose p + 3*p = -3*q + 198, 4*q = -p + 277. Let m = q + g. What are the prime factors of m?
7
Let m be (-37)/148 + (-6018)/(-8). Suppose -3*x + m = 203. What are the prime factors of x?
3, 61
Suppose -346 - 230 = 4*z + 2*c, 5*c = z + 144. Let u = 673 + z. What are the prime factors of u?
23
Let b = 49 + -40. Suppose 0 = -b*a + 8*a + 399. Suppose 3*g + 0*r = 3*r + 303, 3*r = 4*g - a. List the prime factors of g.
2, 3
Let j = -28 + 24. What are the prime factors of (5 - 19)/((-5)/(-370)*j)?
7, 37
Let b = -69 - -54. Let o(w) = w**3 + 16*w**2 + 14*w - 12. Let j be o(b). Suppose j*r + 404 = 7*r. List the prime factors of r.
101
List the prime factors of (45/(-35))/(-9) + 86854/14.
2, 3, 11, 47
Let s = 217 - -102. Let h = s + -42. Suppose -h = -m - 9*c + 4*c, m = -3*c + 281. What are the prime factors of m?
7, 41
Suppose -5*y + 83579 = -r, -7771 = 5*y - 3*r - 91348. What are the prime factors of y?
2, 3, 7, 199
Suppose 0 = -2*p - d - 5, 4*p - d = 3*d - 28. Let n be (-84)/70*(-5)/(-2). What are the prime factors of (n + 1)*50/p?
5
Suppose 3*w = 281 + 505. Let c be (-7 - -1)*w/(-12). Let r = c + -54. List the prime factors of r.
7, 11
Suppose 0 = 58*z - 23567 - 5723. List the prime factors of z.
5, 101
Suppose -53 + 157 = 8*l. Suppose -4*s = -l*s + 4392. List the prime factors of s.
2, 61
Let a be (-3)/6 - 35/(-10). Suppose 3*z + 10 + 2 = 0, -5*z + 406 = a*u. Suppose -u - 308 = -5*m. What are the prime factors of m?
2, 3, 5
Suppose -p - 1912 = -5*a + 14642, 2*p = -2*a + 6636. List the prime factors of a.
2, 3, 23
Let q be 2 - 2/(-4 - -6). Suppose q - 5 = -h. What are the prime factors of (-3)/h - (-179)/4?
2, 11
Let y be (-12)/84 - (-2)/14. Suppose y = -5*n + 4*n, n - 180 = 3*k. Let t = k + 127. What are the prime factors of t?
67
Suppose -20 = 3*b - 35. Suppose -q - 1360 = -b*i + i, 8 = 2*q. What are the prime factors of i?
11, 31
Suppose -758565 - 3694995 = -356*p. List the prime factors of p.
2, 3, 5, 139
Let d(o) = 24*o - 1 + 15*o + 24 + 28*o. List the prime factors of d(4).
3, 97
Let r(z) = -z**3 + 11*z**2 + 14*z + 179. List the prime factors of r(-14).
19, 257
What are the prime factors of (-26 + 6173)*(-3)/((-9)/4)?
2, 3, 683
Suppose 0 = v - 4*r - 3, v - 8*r - 10 = -11*r. List the prime factors of (1 + -1)/1 + 1566 + v.
11, 13
Let v(y) = 4*y**2 - 9*y + 16. Let n = -24 + 26. Let r be 2 + n + (-8 - -8). List the prime factors of v(r).
2, 11
Let u(w) = 15*w - 24. Let i be u(2). List the prime factors of 9*(6 + (-32)/i).
2, 3
Suppose -30*h = -102727 - 14033. Suppose 3*t - 257 - h = -5*f, -f - 5*t = -843. List the prime factors of f.
2, 3, 23
Suppose -3*l + 5*d = -5*l + 137, l = -2*d + 71. Suppose 220 = g - 5*q, -g + q + l + 159 = 0. List the prime factors of g.
5, 7
Let n = 185 + -127. Let f = n - 46. Suppose 13*x - 65 = f*x. What are the prime factors of x?
5, 13
Let i(s) be the first derivative of -43*s**3/3 + s**2 - 13*s - 4. Let p(d) = -29*d**2 + d - 9. Let x(v) = -5*i(v) + 7*p(v). What are the prime factors of x(1)?
11
Suppose 3*s - 4*k + 549 = 1306, -1250 = -5*s - 5*k. Let r = -46 - 79. Let y = s + r. What are the prime factors of y?
2, 3, 7
Let w = 3782 - -222. Suppose 47*n - 36*n = w. List the prime factors of n.
2, 7, 13
Let u = -69436 + 119767. Let f = -34831 + u. List the prime factors of 1/(-9) - f/(-180).
2, 43
Suppose -2*q - 2*q = 5*v - 226, 0 = -4*q - 2*v + 232. Let p = q - 70. What are the prime factors of 157 - 1*4*p/22?
3, 53
Let u = -3 - 5. Let n be (-378)/u + (21/(-12))/7. Let w = n - -59. What are the prime factors of w?
2, 53
Let m = -99 + 158. Let x = m + -55. Suppose x*a - 202 = 138. What are the prime factors of a?
5, 17
Let s = 1325 + -928. Suppose -961 + s = -m. List the prime factors of m.
2, 3, 47
Suppose 3*p + 13891 - 22353 - 21697 = 0. List the prime factors of p.
3, 1117
List the prime factors of ((-64)/48)/((-1)/(-2) + (-125)/234).
3, 13
Let v(p) = -6*p + 7504. List the prime factors of v(150).
2, 13, 127
Let g(f) = -2*f**2 + 35*f + 12. Let d be g(18). Let l be (-3)/d*-2 + 3. Suppose 0 = 3*i - 0*i + l*w - 300, -3*w = 0. What are the prime factors of i?
2, 5
Let s be (6 - 0)/(9 - (-135)/(-18)). Suppose -2*q + 851 = -r, -q - 4*r - 1284 = -s*q. List the prime factors of q.
2, 53
Suppose 2*b + 6643 - 102761 = 2*x, -2*b + 96166 = 4*x. What are the prime factors of b?
71, 677
Suppose 5*j - 22 + 2 = 0. Suppose -384 = -j*g + 128. List the prime factors of g.
2
Suppose 8*s - 13*s + 50 = 0. Suppose 4*n - 794 = b - s, -n = -b - 193. What are the prime factors of n?
197
Suppose -12821 = -4*t + 3*g, 5*t - 9612 = 2*t + 3*g. List the prime factors of t.
3209
Let k(o) = -16*o + 89. Let s be k(5). Suppose -s*b + 3944 = -5*b. List the prime factors of b.
2, 17, 29
Suppose -160*v + 4594296 = 8*v + 6*v. List the prime factors of v.
2, 7, 23, 41
Let b = -20353 + 52247. List the prime factors of b.
2, 37, 431
Let u(s) = -3*s**3 + 6*s**2 + 13*s + 24. Let b(z) = -13*z**3 + 22*z**2 + 51*z + 96. Let k(g) = 2*b(g) - 9*u(g). What are the prime factors of k(15)?
2, 3